{"id":3984,"date":"2024-11-02T09:03:19","date_gmt":"2024-11-02T09:03:19","guid":{"rendered":"https:\/\/castlewood.ma\/?page_id=3984"},"modified":"2024-11-16T12:50:16","modified_gmt":"2024-11-16T12:50:16","slug":"salle-de-bains","status":"publish","type":"page","link":"https:\/\/castlewood.ma\/index.php\/salle-de-bains\/","title":{"rendered":"Salle De Bains"},"content":{"rendered":"\t\t<div data-elementor-type=\"wp-page\" data-elementor-id=\"3984\" class=\"elementor elementor-3984\">\n\t\t\t\t\t\t<section class=\"elementor-section elementor-top-section elementor-element elementor-element-28b77c7 elementor-section-boxed elementor-section-height-default elementor-section-height-default\" data-id=\"28b77c7\" data-element_type=\"section\" data-e-type=\"section\" data-settings=\"{&quot;wdt_bg_image&quot;:{&quot;url&quot;:&quot;&quot;,&quot;id&quot;:&quot;&quot;,&quot;size&quot;:&quot;&quot;},&quot;wdt_bg_image_laptop&quot;:{&quot;url&quot;:&quot;&quot;,&quot;id&quot;:&quot;&quot;,&quot;size&quot;:&quot;&quot;},&quot;wdt_bg_image_tablet_extra&quot;:{&quot;url&quot;:&quot;&quot;,&quot;id&quot;:&quot;&quot;,&quot;size&quot;:&quot;&quot;},&quot;wdt_bg_image_tablet&quot;:{&quot;url&quot;:&quot;&quot;,&quot;id&quot;:&quot;&quot;,&quot;size&quot;:&quot;&quot;},&quot;wdt_bg_image_mobile_extra&quot;:{&quot;url&quot;:&quot;&quot;,&quot;id&quot;:&quot;&quot;,&quot;size&quot;:&quot;&quot;},&quot;wdt_bg_image_mobile&quot;:{&quot;url&quot;:&quot;&quot;,&quot;id&quot;:&quot;&quot;,&quot;size&quot;:&quot;&quot;},&quot;wdt_bg_position&quot;:&quot;center center&quot;,&quot;wdt_animation_effect&quot;:&quot;none&quot;}\">\n\t\t\t\t\t\t<div class=\"elementor-container elementor-column-gap-no\">\n\t\t\t\t\t<div class=\"elementor-column elementor-col-50 elementor-top-column elementor-element elementor-element-bc633aa\" data-id=\"bc633aa\" data-element_type=\"column\" data-e-type=\"column\">\n\t\t\t<div class=\"elementor-widget-wrap elementor-element-populated\">\n\t\t\t\t\t\t<div class=\"elementor-element elementor-element-00ff352 elementor-invisible elementor-widget elementor-widget-image\" data-id=\"00ff352\" data-element_type=\"widget\" data-e-type=\"widget\" data-settings=\"{&quot;_animation&quot;:&quot;fadeInUp&quot;,&quot;wdt_animation_effect&quot;:&quot;none&quot;}\" data-widget_type=\"image.default\">\n\t\t\t\t\t\t\t\t\t\t\t\t\t\t\t<img fetchpriority=\"high\" decoding=\"async\" width=\"1596\" height=\"1696\" src=\"https:\/\/castlewood.ma\/wp-content\/uploads\/IMG_5395-1-scaled-e1731158914244.jpg\" class=\"attachment-full size-full wp-image-4182\" alt=\"\" srcset=\"https:\/\/castlewood.ma\/wp-content\/uploads\/IMG_5395-1-scaled-e1731158914244.jpg 1596w, https:\/\/castlewood.ma\/wp-content\/uploads\/IMG_5395-1-scaled-e1731158914244-282x300.jpg 282w, https:\/\/castlewood.ma\/wp-content\/uploads\/IMG_5395-1-scaled-e1731158914244-964x1024.jpg 964w, https:\/\/castlewood.ma\/wp-content\/uploads\/IMG_5395-1-scaled-e1731158914244-768x816.jpg 768w, https:\/\/castlewood.ma\/wp-content\/uploads\/IMG_5395-1-scaled-e1731158914244-1445x1536.jpg 1445w, https:\/\/castlewood.ma\/wp-content\/uploads\/IMG_5395-1-scaled-e1731158914244-1000x1063.jpg 1000w\" sizes=\"(max-width: 1596px) 100vw, 1596px\" \/>\t\t\t\t\t\t\t\t\t\t\t\t\t\t\t<\/div>\n\t\t\t\t<div class=\"elementor-element elementor-element-d8240ac elementor-invisible elementor-widget elementor-widget-heading\" data-id=\"d8240ac\" data-element_type=\"widget\" data-e-type=\"widget\" data-settings=\"{&quot;_animation&quot;:&quot;fadeInUp&quot;,&quot;_animation_delay&quot;:200,&quot;wdt_animation_effect&quot;:&quot;none&quot;}\" data-widget_type=\"heading.default\">\n\t\t\t\t\t<h2 class=\"elementor-heading-title elementor-size-default\">Salles de Bains \u00c9l\u00e9gantes et Fonctionnelles<\/h2>\t\t\t\t<\/div>\n\t\t\t\t<div class=\"elementor-element elementor-element-a0dc9ef wdt-custom-phara-service-details elementor-invisible elementor-widget elementor-widget-text-editor\" data-id=\"a0dc9ef\" data-element_type=\"widget\" data-e-type=\"widget\" data-settings=\"{&quot;_animation&quot;:&quot;fadeInUp&quot;,&quot;_animation_delay&quot;:400,&quot;wdt_animation_effect&quot;:&quot;none&quot;}\" data-widget_type=\"text-editor.default\">\n\t\t\t\t\t\t\t\t\t<p>Transformez votre salle de bains en un oasis de bien-\u00eatre. Nos am\u00e9nagements sur mesure allient design moderne et confort pour cr\u00e9er un espace relaxant et esth\u00e9tique. Gr\u00e2ce \u00e0 des mat\u00e9riaux de haute qualit\u00e9, chaque projet est con\u00e7u pour s&#8217;int\u00e9grer parfaitement dans votre int\u00e9rieur, apportant luxe et s\u00e9r\u00e9nit\u00e9 \u00e0 votre routine quotidienne.<\/p><h3>\u00a0<\/h3>\t\t\t\t\t\t\t\t<\/div>\n\t\t\t\t<div class=\"elementor-element elementor-element-222fb6b elementor-invisible elementor-widget elementor-widget-heading\" data-id=\"222fb6b\" data-element_type=\"widget\" data-e-type=\"widget\" data-settings=\"{&quot;_animation&quot;:&quot;fadeInUp&quot;,&quot;_animation_delay&quot;:600,&quot;wdt_animation_effect&quot;:&quot;none&quot;}\" data-widget_type=\"heading.default\">\n\t\t\t\t\t<h4 class=\"elementor-heading-title elementor-size-default\">Projets de Salle de Bains Personnalis\u00e9s<\/h4>\t\t\t\t<\/div>\n\t\t\t\t<div class=\"elementor-element elementor-element-2921015 wdt-custom-phara-service-details elementor-invisible elementor-widget elementor-widget-text-editor\" data-id=\"2921015\" data-element_type=\"widget\" data-e-type=\"widget\" data-settings=\"{&quot;_animation&quot;:&quot;fadeInUp&quot;,&quot;_animation_delay&quot;:800,&quot;wdt_animation_effect&quot;:&quot;none&quot;}\" data-widget_type=\"text-editor.default\">\n\t\t\t\t\t\t\t\t\t<p>Nous croyons en la personnalisation. Chaque salle de bains est unique, et nous adaptons nos cr\u00e9ations \u00e0 vos besoins sp\u00e9cifiques. Nos experts collaborent avec vous pour comprendre vos pr\u00e9f\u00e9rences et votre style de vie, garantissant ainsi que chaque am\u00e9nagement refl\u00e8te votre vision de l&#8217;espace. La satisfaction client est notre priorit\u00e9.<\/p>\t\t\t\t\t\t\t\t<\/div>\n\t\t\t\t<section class=\"elementor-section elementor-inner-section elementor-element elementor-element-4405e7d elementor-section-full_width wdt-section-wrap-col elementor-section-height-default elementor-section-height-default elementor-invisible\" data-id=\"4405e7d\" data-element_type=\"section\" data-e-type=\"section\" data-settings=\"{&quot;animation&quot;:&quot;fadeInUp&quot;,&quot;animation_delay&quot;:1200,&quot;wdt_bg_image&quot;:{&quot;url&quot;:&quot;&quot;,&quot;id&quot;:&quot;&quot;,&quot;size&quot;:&quot;&quot;},&quot;wdt_bg_image_laptop&quot;:{&quot;url&quot;:&quot;&quot;,&quot;id&quot;:&quot;&quot;,&quot;size&quot;:&quot;&quot;},&quot;wdt_bg_image_tablet_extra&quot;:{&quot;url&quot;:&quot;&quot;,&quot;id&quot;:&quot;&quot;,&quot;size&quot;:&quot;&quot;},&quot;wdt_bg_image_tablet&quot;:{&quot;url&quot;:&quot;&quot;,&quot;id&quot;:&quot;&quot;,&quot;size&quot;:&quot;&quot;},&quot;wdt_bg_image_mobile_extra&quot;:{&quot;url&quot;:&quot;&quot;,&quot;id&quot;:&quot;&quot;,&quot;size&quot;:&quot;&quot;},&quot;wdt_bg_image_mobile&quot;:{&quot;url&quot;:&quot;&quot;,&quot;id&quot;:&quot;&quot;,&quot;size&quot;:&quot;&quot;},&quot;wdt_bg_position&quot;:&quot;center center&quot;,&quot;wdt_animation_effect&quot;:&quot;none&quot;}\">\n\t\t\t\t\t\t<div class=\"elementor-container elementor-column-gap-no\">\n\t\t\t\t\t<div class=\"elementor-column elementor-col-50 elementor-inner-column elementor-element elementor-element-712111c\" data-id=\"712111c\" data-element_type=\"column\" data-e-type=\"column\">\n\t\t\t<div class=\"elementor-widget-wrap elementor-element-populated\">\n\t\t\t\t\t\t<div class=\"elementor-element elementor-element-8d2e947 elementor-widget elementor-widget-heading\" data-id=\"8d2e947\" data-element_type=\"widget\" data-e-type=\"widget\" data-settings=\"{&quot;wdt_animation_effect&quot;:&quot;none&quot;}\" data-widget_type=\"heading.default\">\n\t\t\t\t\t<h4 class=\"elementor-heading-title elementor-size-default\">Cr\u00e9ation d'Espaces Inspirants<\/h4>\t\t\t\t<\/div>\n\t\t\t\t<div class=\"elementor-element elementor-element-21ff6a7 wdt-custom-phara-service-details elementor-widget elementor-widget-text-editor\" data-id=\"21ff6a7\" data-element_type=\"widget\" data-e-type=\"widget\" data-settings=\"{&quot;wdt_animation_effect&quot;:&quot;none&quot;}\" data-widget_type=\"text-editor.default\">\n\t\t\t\t\t\t\t\t\t<p>Nos salles de bains ne sont pas seulement pratiques ; elles transforment votre espace en un v\u00e9ritable havre de paix. Que ce soit pour se d\u00e9tendre apr\u00e8s une longue journ\u00e9e ou pour se pr\u00e9parer le matin, nous apportons une dimension nouvelle qui \u00e9l\u00e8ve votre exp\u00e9rience quotidienne.<\/p>\t\t\t\t\t\t\t\t<\/div>\n\t\t\t\t\t<\/div>\n\t\t<\/div>\n\t\t\t\t<div class=\"elementor-column elementor-col-50 elementor-inner-column elementor-element elementor-element-b48f1dd\" data-id=\"b48f1dd\" data-element_type=\"column\" data-e-type=\"column\" data-settings=\"{&quot;background_background&quot;:&quot;classic&quot;}\">\n\t\t\t<div class=\"elementor-widget-wrap elementor-element-populated\">\n\t\t\t\t\t\t<div class=\"elementor-element elementor-element-d068f8b elementor-widget elementor-widget-spacer\" data-id=\"d068f8b\" data-element_type=\"widget\" data-e-type=\"widget\" data-settings=\"{&quot;wdt_animation_effect&quot;:&quot;none&quot;}\" data-widget_type=\"spacer.default\">\n\t\t\t\t\t\t\t<div class=\"elementor-spacer\">\n\t\t\t<div class=\"elementor-spacer-inner\"><\/div>\n\t\t<\/div>\n\t\t\t\t\t\t<\/div>\n\t\t\t\t<div class=\"elementor-element elementor-element-610a9af elementor-widget__width-auto wdt-custom-portfolio-det-popup elementor-absolute elementor-widget elementor-widget-wdt-popup-box\" data-id=\"610a9af\" data-element_type=\"widget\" data-e-type=\"widget\" data-settings=\"{&quot;_position&quot;:&quot;absolute&quot;,&quot;show_close_Button&quot;:&quot;true&quot;,&quot;esc_to_exit&quot;:&quot;true&quot;,&quot;click_to_exit&quot;:&quot;true&quot;,&quot;wdt_animation_effect&quot;:&quot;none&quot;}\" data-widget_type=\"wdt-popup-box.default\">\n\t\t\t\t<div class=\"elementor-widget-container\">\n\t\t\t\t\t<div class=\"wdt-popup-box-trigger-holder wdt-click-element-icon\" id=\"wdt-popup-box-trigger-610a9af\" data-settings=\"{&quot;module_id&quot;:&quot;610a9af&quot;,&quot;module_ref_id&quot;:&quot;wdt-popup-box-610a9af&quot;,&quot;popup_class&quot;:&quot;wdt-popup-box-window wdt-popup-box-window-610a9af wdt-fade-zoom&quot;,&quot;trigger_type&quot;:&quot;on-click&quot;,&quot;on_load_delay&quot;:null,&quot;on_load_after&quot;:null,&quot;external_class&quot;:null,&quot;external_id&quot;:null,&quot;show_close_Button&quot;:true,&quot;esc_to_exit&quot;:true,&quot;click_to_exit&quot;:true,&quot;mfp_src&quot;:&quot;https:\/\/www.youtube.com\/watch?v=a4DuG2O1X4M&quot;,&quot;mfp_type&quot;:&quot;iframe&quot;}\"><div class=\"wdt-popup-box-trigger-element\"><span class=\"wdt-popup-box-trigger-item wdt-popup-box-trigger-icon\"><svg aria-hidden=\"true\" class=\"e-font-icon-svg e-fas-play\" viewBox=\"0 0 448 512\" xmlns=\"http:\/\/www.w3.org\/2000\/svg\"><path d=\"M424.4 214.7L72.4 6.6C43.8-10.3 0 6.1 0 47.9V464c0 37.5 40.7 60.1 72.4 41.3l352-208c31.4-18.5 31.5-64.1 0-82.6z\"><\/path><\/svg><\/span><\/div><\/div>\t\t\t\t<\/div>\n\t\t\t\t<\/div>\n\t\t\t\t\t<\/div>\n\t\t<\/div>\n\t\t\t\t\t<\/div>\n\t\t<\/section>\n\t\t\t\t\t<\/div>\n\t\t<\/div>\n\t\t\t\t<div class=\"wdt-sticky-column elementor-column elementor-col-50 elementor-top-column elementor-element elementor-element-8c54094\" data-wdt-settings=\"{&quot;id&quot;:&quot;8c54094&quot;,&quot;sticky&quot;:true,&quot;topSpacing&quot;:50,&quot;bottomSpacing&quot;:50,&quot;stickyOn&quot;:[&quot;desktop&quot;,&quot;laptop&quot;,&quot;tablet_extra&quot;],&quot;overflowHidden&quot;:false}\" data-id=\"8c54094\" data-element_type=\"column\" data-e-type=\"column\">\n\t\t\t<div class=\"elementor-widget-wrap elementor-element-populated\">\n\t\t\t\t\t\t<section class=\"elementor-section elementor-inner-section elementor-element elementor-element-37806c9 elementor-section-full_width wdt-cus-sidebar elementor-section-height-default elementor-section-height-default\" data-id=\"37806c9\" data-element_type=\"section\" data-e-type=\"section\" data-settings=\"{&quot;wdt_bg_image&quot;:{&quot;url&quot;:&quot;&quot;,&quot;id&quot;:&quot;&quot;,&quot;size&quot;:&quot;&quot;},&quot;wdt_bg_image_laptop&quot;:{&quot;url&quot;:&quot;&quot;,&quot;id&quot;:&quot;&quot;,&quot;size&quot;:&quot;&quot;},&quot;wdt_bg_image_tablet_extra&quot;:{&quot;url&quot;:&quot;&quot;,&quot;id&quot;:&quot;&quot;,&quot;size&quot;:&quot;&quot;},&quot;wdt_bg_image_tablet&quot;:{&quot;url&quot;:&quot;&quot;,&quot;id&quot;:&quot;&quot;,&quot;size&quot;:&quot;&quot;},&quot;wdt_bg_image_mobile_extra&quot;:{&quot;url&quot;:&quot;&quot;,&quot;id&quot;:&quot;&quot;,&quot;size&quot;:&quot;&quot;},&quot;wdt_bg_image_mobile&quot;:{&quot;url&quot;:&quot;&quot;,&quot;id&quot;:&quot;&quot;,&quot;size&quot;:&quot;&quot;},&quot;wdt_bg_position&quot;:&quot;center center&quot;,&quot;wdt_animation_effect&quot;:&quot;none&quot;}\">\n\t\t\t\t\t\t<div class=\"elementor-container elementor-column-gap-no\">\n\t\t\t\t\t<div class=\"elementor-column elementor-col-100 elementor-inner-column elementor-element elementor-element-203667c\" data-id=\"203667c\" data-element_type=\"column\" data-e-type=\"column\">\n\t\t\t<div class=\"elementor-widget-wrap elementor-element-populated\">\n\t\t\t\t\t\t<div class=\"elementor-element elementor-element-fc489dd custom-service-details-heading elementor-widget elementor-widget-heading\" data-id=\"fc489dd\" data-element_type=\"widget\" data-e-type=\"widget\" data-settings=\"{&quot;wdt_animation_effect&quot;:&quot;none&quot;}\" data-widget_type=\"heading.default\">\n\t\t\t\t\t<h5 class=\"elementor-heading-title elementor-size-default\">Get In Touch <\/h5>\t\t\t\t<\/div>\n\t\t\t\t<div class=\"elementor-element elementor-element-28c866f custom-faq-contact-form elementor-widget elementor-widget-shortcode\" data-id=\"28c866f\" data-element_type=\"widget\" data-e-type=\"widget\" data-settings=\"{&quot;wdt_animation_effect&quot;:&quot;none&quot;}\" data-widget_type=\"shortcode.default\">\n\t\t\t\t\t\t\t<div class=\"elementor-shortcode\">\n<div class=\"wpcf7 no-js\" id=\"wpcf7-f1850-o1\" lang=\"en-US\" dir=\"ltr\" data-wpcf7-id=\"1850\">\n<div class=\"screen-reader-response\"><p role=\"status\" aria-live=\"polite\" aria-atomic=\"true\"><\/p> <ul><\/ul><\/div>\n<form action=\"\/index.php\/wp-json\/wp\/v2\/pages\/3984#wpcf7-f1850-o1\" method=\"post\" class=\"wpcf7-form init\" aria-label=\"Contact form\" novalidate=\"novalidate\" data-status=\"init\">\n<fieldset class=\"hidden-fields-container\"><input type=\"hidden\" name=\"_wpcf7\" value=\"1850\" \/><input type=\"hidden\" name=\"_wpcf7_version\" value=\"6.1.5\" \/><input type=\"hidden\" name=\"_wpcf7_locale\" value=\"en_US\" \/><input type=\"hidden\" name=\"_wpcf7_unit_tag\" value=\"wpcf7-f1850-o1\" \/><input type=\"hidden\" name=\"_wpcf7_container_post\" value=\"0\" \/><input type=\"hidden\" name=\"_wpcf7_posted_data_hash\" value=\"\" \/>\n<\/fieldset>\n<div class=\"service-detail-frm\">\n\t<p><span class=\"wpcf7-form-control-wrap\" data-name=\"your-name\"><input size=\"40\" maxlength=\"400\" class=\"wpcf7-form-control wpcf7-text wpcf7-validates-as-required\" aria-required=\"true\" aria-invalid=\"false\" placeholder=\"Your name*\" value=\"\" type=\"text\" name=\"your-name\" \/><\/span><span class=\"wpcf7-form-control-wrap\" data-name=\"your-email\"><input size=\"40\" maxlength=\"400\" class=\"wpcf7-form-control wpcf7-email wpcf7-validates-as-required wpcf7-text wpcf7-validates-as-email\" aria-required=\"true\" aria-invalid=\"false\" placeholder=\"Email*\" value=\"\" type=\"email\" name=\"your-email\" \/><\/span><span class=\"wpcf7-form-control-wrap\" data-name=\"your-name\"><input size=\"40\" maxlength=\"400\" class=\"wpcf7-form-control wpcf7-text wpcf7-validates-as-required\" aria-required=\"true\" aria-invalid=\"false\" placeholder=\"Mobile Number*\" value=\"\" type=\"text\" name=\"your-name\" \/><\/span><span class=\"wpcf7-form-control-wrap\" data-name=\"textarea\"><textarea cols=\"40\" rows=\"10\" maxlength=\"2000\" class=\"wpcf7-form-control wpcf7-textarea\" aria-invalid=\"false\" placeholder=\"Message\" name=\"textarea\"><\/textarea><\/span><input class=\"wpcf7-form-control wpcf7-submit has-spinner\" type=\"submit\" value=\"Submit\" \/>\n\t<\/p>\n<\/div><div class=\"wpcf7-response-output\" aria-hidden=\"true\"><\/div>\n<\/form>\n<\/div>\n<\/div>\n\t\t\t\t\t\t<\/div>\n\t\t\t\t<div class=\"elementor-element elementor-element-805f7e8 custom-service-details-heading elementor-widget elementor-widget-heading\" data-id=\"805f7e8\" data-element_type=\"widget\" data-e-type=\"widget\" data-settings=\"{&quot;wdt_animation_effect&quot;:&quot;none&quot;}\" data-widget_type=\"heading.default\">\n\t\t\t\t\t<h5 class=\"elementor-heading-title elementor-size-default\">Contact Us <\/h5>\t\t\t\t<\/div>\n\t\t\t\t<div class=\"elementor-element elementor-element-391bd30 custom-service-details-icon-list elementor-list-item-link-full_width elementor-widget elementor-widget-icon-list\" data-id=\"391bd30\" data-element_type=\"widget\" data-e-type=\"widget\" data-settings=\"{&quot;wdt_animation_effect&quot;:&quot;none&quot;}\" data-widget_type=\"icon-list.default\">\n\t\t\t\t\t\t\t<ul class=\"elementor-icon-list-items\">\n\t\t\t\t\t\t\t<li class=\"elementor-icon-list-item\">\n\t\t\t\t\t\t\t\t\t\t\t<span class=\"elementor-icon-list-icon\">\n\t\t\t\t\t\t\t<svg xmlns=\"http:\/\/www.w3.org\/2000\/svg\" viewBox=\"0 0 100 100\"><path d=\"M50,100c-0.8,0-1.7-0.3-2.3-0.8C27.3,82.9,8.4,64.6,8.4,41.6C8.4,18.7,27.1,0,50,0s41.6,18.7,41.6,41.6 c0,23-18.9,41.3-39.2,57.6C51.7,99.7,50.8,100,50,100z M50,7.5c-18.8,0-34.1,15.3-34.1,34.1c0,19,16.1,35.2,34.1,49.8 c18-14.6,34.1-30.8,34.1-49.8C84.1,22.8,68.8,7.5,50,7.5z\"><\/path><path d=\"M50,62.2c-11.3,0-20.6-9.2-20.6-20.6C29.4,30.2,38.7,21,50,21s20.6,9.2,20.6,20.6C70.6,52.9,61.3,62.2,50,62.2z M50,28.5 c-7.2,0-13.1,5.9-13.1,13.1S42.8,54.7,50,54.7s13.1-5.9,13.1-13.1S57.2,28.5,50,28.5z\"><\/path><\/svg>\t\t\t\t\t\t<\/span>\n\t\t\t\t\t\t\t\t\t\t<span class=\"elementor-icon-list-text\">No:Casablanca<\/span>\n\t\t\t\t\t\t\t\t\t<\/li>\n\t\t\t\t\t\t\t\t<li class=\"elementor-icon-list-item\">\n\t\t\t\t\t\t\t\t\t\t\t<a href=\"mailto:support@jusdail.com\">\n\n\t\t\t\t\t\t\t\t\t\t\t\t<span class=\"elementor-icon-list-icon\">\n\t\t\t\t\t\t\t<svg xmlns=\"http:\/\/www.w3.org\/2000\/svg\" viewBox=\"0 0 100 100\"><path d=\"M96.8,14.9H3.2c-1.8,0-3.2-1.4-3.2-3.2s1.4-3.2,3.2-3.2h93.6c1.8,0,3.2,1.4,3.2,3.2S98.6,14.9,96.8,14.9z\"><\/path><path d=\"M96.8,91.5c-1.8,0-3.2-1.4-3.2-3.2V11.7c0-1.8,1.4-3.2,3.2-3.2c1.8,0,3.2,1.4,3.2,3.2v76.6C100,90.1,98.6,91.5,96.8,91.5z\"><\/path><path d=\"M3.2,91.5c-1.8,0-3.2-1.4-3.2-3.2V11.7c0-1.8,1.4-3.2,3.2-3.2s3.2,1.4,3.2,3.2v76.6C6.4,90.1,5,91.5,3.2,91.5z\"><\/path><path d=\"M96.8,91.5H3.2c-1.8,0-3.2-1.4-3.2-3.2s1.4-3.2,3.2-3.2h93.6c1.8,0,3.2,1.4,3.2,3.2S98.6,91.5,96.8,91.5z\"><\/path><path d=\"M50,61.7c-0.7,0-1.3-0.2-1.9-0.6L1.3,27c-1.4-1-1.7-3-0.7-4.5c1-1.4,3-1.7,4.5-0.7L50,54.6l44.9-32.7c1.4-1,3.4-0.7,4.5,0.7 c1,1.4,0.7,3.4-0.7,4.5l-46.8,34C51.3,61.5,50.7,61.7,50,61.7z\"><\/path><\/svg>\t\t\t\t\t\t<\/span>\n\t\t\t\t\t\t\t\t\t\t<span class=\"elementor-icon-list-text\">admin@castlewood.ma<\/span>\n\t\t\t\t\t\t\t\t\t\t\t<\/a>\n\t\t\t\t\t\t\t\t\t<\/li>\n\t\t\t\t\t\t\t\t<li class=\"elementor-icon-list-item\">\n\t\t\t\t\t\t\t\t\t\t\t<a href=\"tel:+00%2012%2034%2056%20789\">\n\n\t\t\t\t\t\t\t\t\t\t\t\t<span class=\"elementor-icon-list-icon\">\n\t\t\t\t\t\t\t<svg xmlns=\"http:\/\/www.w3.org\/2000\/svg\" viewBox=\"0 0 100 100\"><path d=\"M12.9,64.3c-1,0-1.9-0.4-2.7-1.1C3.6,56.6,0,47.9,0,38.6c0-9.3,3.6-18,10.2-24.6c1.5-1.5,3.8-1.5,5.3,0 c1.5,1.5,1.5,3.8,0,5.3c-5.2,5.2-8,12-8,19.3c0,7.3,2.8,14.1,8,19.3c1.5,1.5,1.5,3.8,0,5.3C14.8,63.9,13.8,64.3,12.9,64.3z\"><\/path><path d=\"M61.4,100c-9.3,0-18-3.6-24.6-10.2c-1.5-1.5-1.5-3.8,0-5.3c1.5-1.5,3.8-1.5,5.3,0c5.2,5.2,12,8,19.3,8 c7.3,0,14.1-2.8,19.3-8c1.5-1.5,3.8-1.5,5.3,0c1.5,1.5,1.5,3.8,0,5.3C79.5,96.4,70.7,100,61.4,100z\"><\/path><path d=\"M39.5,90.9c-1,0-1.9-0.4-2.7-1.1L10.2,63.2c-1.5-1.5-1.5-3.8,0-5.3c1.5-1.5,3.8-1.5,5.3,0l26.6,26.6c1.5,1.5,1.5,3.8,0,5.3 C41.4,90.5,40.4,90.9,39.5,90.9z\"><\/path><path d=\"M30.8,55.2c-1,0-1.9-0.4-2.7-1.1c-2.4-2.4-3.7-5.6-3.7-8.9s1.3-6.5,3.7-8.9c1.5-1.5,3.8-1.5,5.3,0c1.5,1.5,1.5,3.8,0,5.3 c-1,1-1.5,2.3-1.5,3.6s0.5,2.7,1.5,3.6c1.5,1.5,1.5,3.8,0,5.3C32.7,54.9,31.7,55.2,30.8,55.2z\"><\/path><path d=\"M54.8,75.6c-3.4,0-6.5-1.3-8.9-3.7c-1.5-1.5-1.5-3.8,0-5.3c1.5-1.5,3.8-1.5,5.3,0c1,1,2.3,1.5,3.6,1.5 c1.4,0,2.7-0.5,3.6-1.5c1.5-1.5,3.8-1.5,5.3,0c1.5,1.5,1.5,3.8,0,5.3C61.3,74.3,58.2,75.6,54.8,75.6z\"><\/path><path d=\"M48.5,73c-1,0-1.9-0.4-2.7-1.1L28.1,54.1c-1.5-1.5-1.5-3.8,0-5.3c1.5-1.5,3.8-1.5,5.3,0l17.7,17.7c1.5,1.5,1.5,3.8,0,5.3 C50.4,72.6,49.5,73,48.5,73z\"><\/path><path d=\"M37.4,36c-1,0-1.9-0.4-2.7-1.1L14.6,14.8c-1.5-1.5-1.5-3.8,0-5.3c1.5-1.5,3.8-1.5,5.3,0l20.1,20.1c1.5,1.5,1.5,3.8,0,5.3 C39.3,35.7,38.4,36,37.4,36z\"><\/path><path d=\"M87.8,86.5c-1,0-1.9-0.4-2.7-1.1L65.1,65.2c-1.5-1.5-1.5-3.8,0-5.3c1.5-1.5,3.8-1.5,5.3,0l20.1,20.1c1.5,1.5,1.5,3.8,0,5.3 C89.8,86.1,88.8,86.5,87.8,86.5z\"><\/path><path d=\"M12.9,20.4c-1,0-1.9-0.4-2.7-1.1c-1.5-1.5-1.5-3.8,0-5.3l4.4-4.4c1.5-1.5,3.8-1.5,5.3,0c1.5,1.5,1.5,3.8,0,5.3l-4.4,4.4 C14.8,20,13.8,20.4,12.9,20.4z\"><\/path><path d=\"M30.8,42.7c-1,0-1.9-0.4-2.7-1.1c-1.5-1.5-1.5-3.8,0-5.3l6.7-6.7c1.5-1.5,3.8-1.5,5.3,0c1.5,1.5,1.5,3.8,0,5.3l-6.7,6.7 C32.7,42.3,31.7,42.7,30.8,42.7z\"><\/path><path d=\"M61.1,73c-1,0-1.9-0.4-2.7-1.1c-1.5-1.5-1.5-3.8,0-5.3l6.7-6.7c1.5-1.5,3.8-1.5,5.3,0c1.5,1.5,1.5,3.8,0,5.3l-6.7,6.7 C63,72.6,62,73,61.1,73z\"><\/path><path d=\"M83.4,90.9c-1,0-1.9-0.4-2.7-1.1c-1.5-1.5-1.5-3.8,0-5.3l4.4-4.4c1.5-1.5,3.8-1.5,5.3,0c1.5,1.5,1.5,3.8,0,5.3l-4.4,4.4 C85.3,90.5,84.4,90.9,83.4,90.9z\"><\/path><path d=\"M96.2,49.6c-2.1,0-3.8-1.7-3.8-3.8c0-21.1-17.2-38.3-38.3-38.3c-2.1,0-3.8-1.7-3.8-3.8S52.1,0,54.2,0 C79.5,0,100,20.5,100,45.8C100,47.9,98.3,49.6,96.2,49.6z\"><\/path><path d=\"M79.4,49.6c-2.1,0-3.8-1.7-3.8-3.8c0-11.8-9.6-21.5-21.5-21.5c-2.1,0-3.8-1.7-3.8-3.8s1.7-3.8,3.8-3.8c16,0,29,13,29,29 C83.2,47.9,81.5,49.6,79.4,49.6z\"><\/path><\/svg>\t\t\t\t\t\t<\/span>\n\t\t\t\t\t\t\t\t\t\t<span class=\"elementor-icon-list-text\">+212 621-438334<\/span>\n\t\t\t\t\t\t\t\t\t\t\t<\/a>\n\t\t\t\t\t\t\t\t\t<\/li>\n\t\t\t\t\t\t<\/ul>\n\t\t\t\t\t\t<\/div>\n\t\t\t\t\t<\/div>\n\t\t<\/div>\n\t\t\t\t\t<\/div>\n\t\t<\/section>\n\t\t\t\t\t<\/div>\n\t\t<\/div>\n\t\t\t\t\t<\/div>\n\t\t<\/section>\n\t\t<div class=\"elementor-element elementor-element-44c12d4 e-flex e-con-boxed e-con e-parent\" data-id=\"44c12d4\" data-element_type=\"container\" data-e-type=\"container\">\n\t\t\t\t\t<div class=\"e-con-inner\">\n\t\t\t\t<div class=\"elementor-element elementor-element-b9179f6 elementor-widget-divider--view-line elementor-widget elementor-widget-divider\" data-id=\"b9179f6\" data-element_type=\"widget\" data-e-type=\"widget\" data-settings=\"{&quot;wdt_animation_effect&quot;:&quot;none&quot;}\" data-widget_type=\"divider.default\">\n\t\t\t\t\t\t\t<div class=\"elementor-divider\">\n\t\t\t<span class=\"elementor-divider-separator\">\n\t\t\t\t\t\t<\/span>\n\t\t<\/div>\n\t\t\t\t\t\t<\/div>\n\t\t\t\t\t<\/div>\n\t\t\t\t<\/div>\n\t\t<div class=\"elementor-element elementor-element-7fd9244 e-flex e-con-boxed e-con e-parent\" data-id=\"7fd9244\" data-element_type=\"container\" data-e-type=\"container\">\n\t\t\t\t\t<div class=\"e-con-inner\">\n\t\t\t\t\t<\/div>\n\t\t\t\t<\/div>\n\t\t<div class=\"elementor-element elementor-element-cc8a230 e-flex e-con-boxed e-con e-parent\" data-id=\"cc8a230\" data-element_type=\"container\" data-e-type=\"container\">\n\t\t\t\t\t<div class=\"e-con-inner\">\n\t\t<div class=\"elementor-element elementor-element-e0528e4 e-con-full e-flex e-con e-child\" data-id=\"e0528e4\" data-element_type=\"container\" data-e-type=\"container\">\n\t\t\t\t<\/div>\n\t\t\t\t\t<\/div>\n\t\t\t\t<\/div>\n\t\t\t\t<\/div>\n\t\t","protected":false},"excerpt":{"rendered":"<p>Salles de Bains \u00c9l\u00e9gantes et Fonctionnelles Transformez votre salle de bains en un oasis de bien-\u00eatre. Nos am\u00e9nagements sur mesure allient design moderne et confort pour cr\u00e9er un espace relaxant et esth\u00e9tique. Gr\u00e2ce \u00e0 des mat\u00e9riaux de haute qualit\u00e9, chaque projet est con\u00e7u pour s&#8217;int\u00e9grer parfaitement dans votre int\u00e9rieur, apportant luxe et s\u00e9r\u00e9nit\u00e9 \u00e0 votre [&hellip;]<\/p>\n","protected":false},"author":1,"featured_media":0,"parent":0,"menu_order":0,"comment_status":"closed","ping_status":"closed","template":"elementor_header_footer","meta":{"two_page_speed":[],"footnotes":""},"class_list":["post-3984","page","type-page","status-publish","hentry"],"_links":{"self":[{"href":"https:\/\/castlewood.ma\/index.php\/wp-json\/wp\/v2\/pages\/3984","targetHints":{"allow":["GET"]}}],"collection":[{"href":"https:\/\/castlewood.ma\/index.php\/wp-json\/wp\/v2\/pages"}],"about":[{"href":"https:\/\/castlewood.ma\/index.php\/wp-json\/wp\/v2\/types\/page"}],"author":[{"embeddable":true,"href":"https:\/\/castlewood.ma\/index.php\/wp-json\/wp\/v2\/users\/1"}],"replies":[{"embeddable":true,"href":"https:\/\/castlewood.ma\/index.php\/wp-json\/wp\/v2\/comments?post=3984"}],"version-history":[{"count":0,"href":"https:\/\/castlewood.ma\/index.php\/wp-json\/wp\/v2\/pages\/3984\/revisions"}],"wp:attachment":[{"href":"https:\/\/castlewood.ma\/index.php\/wp-json\/wp\/v2\/media?parent=3984"}],"curies":[{"name":"wp","href":"https:\/\/api.w.org\/{rel}","templated":true}]}}